j**4. What are the prime factors of o(-3)?
23
Let m = 57 - 48. Suppose -4*j - 4*d + 220 = 0, -5*d + m = -11. List the prime factors of j.
3, 17
Let k be 217 - 8/(-1 - -3). Suppose 0 = 5*y - 2*y + k. Let j = 102 + y. List the prime factors of j.
31
Let r = 335 - 204. What are the prime factors of r?
131
Let m(v) = v**2 - 4*v - 17. Let b be m(7). List the prime factors of (-27)/((12/b)/(-9)).
3
Let p(y) = -y + 79. Let g be p(0). Suppose g - 3 = 2*f. List the prime factors of f.
2, 19
Let n = -1 + -20. Let w = 26 + n. Suppose 2*t = -3*f + 111, -w*f = 14 + 11. What are the prime factors of t?
3, 7
Suppose -4*t - 3*z + 30 = -143, -3*t = 4*z - 128. Let i = t - -35. What are the prime factors of i?
79
Let x = -13 - -18. Let f = -1 + x. List the prime factors of (-198)/f*10/(-15).
3, 11
Let g(h) = 4*h**3 + h**2 + 3*h - 5. Suppose -4*l = -3*o + 14, -o + 8 = -2*l - l. Let p be g(o). Suppose 0 = -2*k + p - 1. List the prime factors of k.
2, 3
Let w(a) = a**2 - 5*a - 9. Let f be w(8). Suppose 0 = f*b - 2349 - 1836. List the prime factors of b.
3, 31
Let z(s) = -382*s - 386. What are the prime factors of z(-6)?
2, 953
Let s = 53 + -25. Suppose -48 + s = -p. Suppose -22*m = -p*m - 58. What are the prime factors of m?
29
Suppose 5*g + 8003 = 2*f, -4*f - 473*g + 16036 = -477*g. List the prime factors of f.
2, 3, 223
Let f = -10 + 22. Suppose d - 210 + f = 0. What are the prime factors of d?
2, 3, 11
Let h be (30/(-35))/(6/(-28)). List the prime factors of 2961/12 - (-1)/h.
13, 19
Let k(z) = -z**2 - 4*z - 2. Let m be k(-2). Suppose 18 = 3*w - m*w + a, -w + 26 = -3*a. List the prime factors of w.
2, 5
What are the prime factors of (-1)/(-3) - 1124/(-12)?
2, 47
Let m(z) = -1384*z - 76. What are the prime factors of m(-3)?
2, 1019
List the prime factors of 9735/27 + 32/72.
19
Let w(v) = -3*v - 10. Let h be 1*(3 + -4) + 2. Let r be 2 + (-1)/(h/10). What are the prime factors of w(r)?
2, 7
Suppose -2*q + 276 + 744 = 0. List the prime factors of q.
2, 3, 5, 17
Let x = 1067 - 668. List the prime factors of x.
3, 7, 19
Suppose 6*v = 12*v - 786. Suppose 3*o + 2*t - 119 = v, 0 = 3*t - 15. List the prime factors of o.
2, 5
Let d = 36 - 34. Suppose -12*v + 7*v + 277 = -d*m, 0 = -3*v + 2*m + 167. What are the prime factors of v?
5, 11
Let j(o) = -196*o - 166. What are the prime factors of j(-8)?
2, 701
Let d(n) = 20*n + 121. List the prime factors of d(22).
3, 11, 17
Let l(n) = -2*n**3 - 4*n**2 - n + 4. Let u be l(-3). Suppose 471 = 2*q + u. What are the prime factors of q?
223
Let q be (-1)/((15/12)/(-5)). Suppose 8 + 16 = q*u. Suppose 0 = u*k - 2*k - 268. What are the prime factors of k?
67
Let h be (300/8)/(-5)*8*-1. Let k = 117 - h. What are the prime factors of k?
3, 19
Suppose -j - u = 0, j + 15 = -2*j + 2*u. Let g be -3 + -2 + 5 - j. List the prime factors of (-154)/(-11) + g*1.
17
Let p(s) = -s**3 + 50*s**2 + 126*s + 64. What are the prime factors of p(52)?
2, 151
Let j be 1*(-18)/(-4) - (-15)/10. Suppose j*y - 793 = 623. What are the prime factors of y?
2, 59
Suppose j + 3*i - 214 - 36 = 0, -5*j - 4*i = -1272. Let k = -132 + j. List the prime factors of k.
2, 31
Let q = -318 + 516. Let r = q + -74. What are the prime factors of r?
2, 31
Let v(i) = -i + 20. Suppose s - 8 = -6. Suppose 4*q - 2*p + p = -25, 11 = -s*q - p. List the prime factors of v(q).
2, 13
Suppose 15*u = -14*u + 26506. What are the prime factors of u?
2, 457
Suppose 21146 = 27*j - 3478. What are the prime factors of j?
2, 3, 19
Suppose -4*a = -5*j - 23, -5*j + 11 = 2*a - 8. Suppose -4*v = a*v - 1023. List the prime factors of v.
3, 31
Suppose 0 = x - 5*s - 83 + 8, 456 = 5*x + 2*s. Let w be x/(-8)*(-12)/3. Suppose -90 = -5*m + w. What are the prime factors of m?
3
Suppose 5*p = -4*i - 17, 2 = -i + 5*p - 4*p. What are the prime factors of ((-83)/i)/((-7)/(-42))?
2, 83
Let s(a) = -12*a**2 + 5*a + 6*a**2 + 3*a**3 - 10*a + 2. List the prime factors of s(3).
2, 7
Suppose -2*p = -2*d - d - 353, 2*d - 2*p + 236 = 0. Let f = d + 147. What are the prime factors of f?
2, 3, 5
Suppose 112 = -5*u + u. Let h be (-8)/u + (-1359)/(-21). Suppose h = 3*o + 11. List the prime factors of o.
2, 3
Let d = -36 - -39. Suppose -m + 0*m - 113 = -2*l, d*l = 5*m + 152. List the prime factors of l.
59
Let y(s) = s**2 + 45*s - 12. List the prime factors of y(15).
2, 3, 37
Let l = 0 - 1. Let v be -1 + l - 78/(-3). Suppose 5*w = -2*x + v + 61, -3*w - 4*x = -37. List the prime factors of w.
19
Let p = 28 - 27. Suppose 0 = -5*x - 10, 6 = j + 5*x - p. List the prime factors of j.
17
Suppose -4*v - u + 11 = -0*u, -3*v + 8 = u. Suppose q + 5*y - 215 = 0, -4 = y - v*y. Suppose q = -0*s + 5*s. What are the prime factors of s?
41
Suppose 0 = 4*q - 4*s - 2384, -7*s + 9*s + 1783 = 3*q. What are the prime factors of q?
3, 197
Let s be (1 - 1)/(2 + -3). Let l be (-1 - 15)*(-7)/28. Suppose l*w + 31 - 135 = s. List the prime factors of w.
2, 13
Let b(a) = -30*a - 26. Let m(p) = 31*p + 26. Let k(z) = 4*b(z) + 3*m(z). List the prime factors of k(-8).
2, 5, 19
Let y be (16/(-4) - -9)/1. Suppose -y*d + 4*d + 120 = 0. What are the prime factors of d?
2, 3, 5
Let b(s) = 23*s - 29. What are the prime factors of b(3)?
2, 5
Suppose -y - 3*n + 57 = -2*y, 4*y + 3*n + 213 = 0. What are the prime factors of y*(-15)/(-10)*(-14)/6?
3, 7
Let g(l) = 23*l - 8 + 0*l**3 - 50*l + l**3 - 7*l**2 + 37*l. What are the prime factors of g(7)?
2, 31
Let x = 93 - 45. Let f = x + -24. What are the prime factors of f?
2, 3
List the prime factors of 231707/119 - (-18)/(-153).
3, 11, 59
Suppose -p = w + 14, 4*w - 4*p - 17 = 5*w. Let t = w - -44. Suppose -11*v - t = -12*v. List the prime factors of v.
31
Let j(m) = m. Suppose -5*q + 45 = -0*q - h, 0 = 5*q + 4*h - 45. Let s = 11 - q. List the prime factors of j(s).
2
Let i(x) be the third derivative of -x**4/24 + x**3/3 + 6*x**2. What are the prime factors of i(-6)?
2
Let w be (-1)/(-5) - 174/(-5). Suppose -2*x = 5*x - w. What are the prime factors of x?
5
Let q = -2715 + 4594. What are the prime factors of q?
1879
Let a(t) = -t**3 + 8*t**2 + 9*t + 4. Let h be a(9). Suppose 0 = 3*c - 3*v - 69, v - 94 = -h*c + 3*v. List the prime factors of c.
2, 3
Let t(d) = d**3 - 31*d**2 - 17*d + 31. List the prime factors of t(32).
7, 73
Let w(i) = 8*i**2 + 28*i - 157. What are the prime factors of w(10)?
13, 71
Suppose -b + 1 = -7. Suppose 6*s - 4*s = p - 15, -5*s + 73 = 4*p. Let x = p - b. List the prime factors of x.
3
Let h(t) = 4*t - 4. Let f be h(-2). Let u be (-126)/f*(-20)/(-3). Suppose -3*a + a = -u. What are the prime factors of a?
5, 7
Suppose -2*q + 3*z = 96, -222 = 5*q + 6*z - 9*z. Let p = -40 - q. What are the prime factors of p?
2
Let x(o) = 37*o + 8. What are the prime factors of x(2)?
2, 41
Suppose 0 = -5*a + 3*k + 449, -k - k - 182 = -2*a. Suppose -3*t + 7 = -53. Suppose -a + t = -4*g. List the prime factors of g.
17
Let d = 139 - -204. What are the prime factors of d?
7
Let n(s) = s**2 - 4*s - 19. Let z be n(7). List the prime factors of (-1120)/(-24) - z/(-6).
47
Suppose 5*w + n = 2065, 0 = 5*w - 5*n + 841 - 2906. Let m = w - 278. List the prime factors of m.
3, 5
Let p(r) = r + 20. Let q be p(-18). Suppose -3*j + 48 = 3*w, -3*w - q*w - 46 = -2*j. List the prime factors of j.
2, 3
Suppose 33 = -15*x + 18*x. Suppose -x*t + 594 = -1419. List the prime factors of t.
3, 61
Let n(m) = -190*m + 4. List the prime factors of n(-1).
2, 97
Suppose -5*k + 15 = 0, -2*k = 5*s - k - 48. Let l(q) = q**2 - 8*q - 9. Let p be l(s). Suppose -5*b + 26 + 39 = p. List the prime factors of b.
13
Suppose 6*s = 2090 + 1444. List the prime factors of s.
19, 31
Let q(t) = -t**3 + 5*t**2 + t - 5. Let g be q(5). Let r be -58*(2 + -1 - g). What are the prime factors of r/(-6) - (-3)/9?
2, 5
Suppose -9*c + 4*c + 1315 = 0. Let k = c + -166. Let y = k - 40. List the prime factors of y.
3, 19
Let x = -7 - -9. Suppose 0*g + x*g = 0. Suppose 116 = -g*b + 4*b. What are the prime factors of b?
29
Let i(k) = k**2 + 6*k + 11. Let h(d) = -8*d + 19. Let q(r) = -r. Let a(y) = h(y) - 6*q(y). Let z be a(13). What are the prime factors of i(z)?
2, 3
Suppose 0*d + d = -4. Let n = d - -47. List the prime factors of n.
43
List the prime factors of (-10 - -7)/((36/2594)/(-6)).
1297
Let k = 3702 - -24. List the prime factors of k.
2, 3, 23
Let g(s) = 86*s - 26. Let 